o) = -o + 7. Let z be k(8). Let v(y) = -45*y**2 + y + 46*y**2 + 22541 - 22540. Calculate v(z).
1
Let j = -16625 + 16620. Let y(d) = -d**2 - 11*d - 9. Determine y(j).
21
Let f(k) = k**3 + 4*k**2 + 4*k - 1. Let a be 1268/(-20) + (-3)/(-30)*4. Let w be (a/(-14) + -6)/(1/(-4)). Suppose -w*h - h = 28. Determine f(h).
-17
Suppose 12*k + 4*o + 8 = 8*k, -3*k - 8 = 5*o. Suppose -2*s = s + 2*f - 6, -2*s + 4*f + 4 = 0. Let r(i) = -5*i - 1 - s*i + 2*i + 3*i**2 + 3*i. Determine r(k).
4
Let x(u) = -3*u + 3. Let b(n) = 10*n - 10. Let p(y) = 4*b(y) + 11*x(y). Let a(m) = -5*m + 7. Let f(c) = -4*a(c) - 3*p(c). What is f(5)?
-12
Suppose 0 = -6*j - 34 + 4. Let i(a) = a**2 - 12*a + 13. Let q be i(11). Let s(y) = -3 - 106*y**2 + y**3 + 111*y**2 - q*y + 3*y. Determine s(j).
-8
Let t = -12333 - -12340. Let w(p) = -p**2 + 8*p - 11. Determine w(t).
-4
Let d(y) be the third derivative of 3*y**5/20 - 5*y**4/24 - 8612*y**2. What is d(4)?
124
Let a(w) be the first derivative of -w**3/3 + 9*w**2/2 + 9*w + 1. Suppose 357*n + 636 = 4206. What is a(n)?
-1
Let d(v) = -2*v - 47. Let l be ((-336)/280)/(22/(-25) - -1). Calculate d(l).
-27
Let w(h) = -2*h - 6 - 4*h + 9*h - 2*h. Suppose 0*s + 6 = -2*s. Let u be s + 4*(-4)/(-2). Give w(u).
-1
Let i(p) = 95*p - 137. Let y be i(4). Let h = 235 - y. Let x(l) = l**2 - 7*l - 8. Let v(q) = 2*q**2 - 6*q - 9. Let d(o) = -2*v(o) + 3*x(o). What is d(h)?
2
Let c(j) = -2*j**3 - 16*j**2 + 3*j + 8. Let x(u) = u**3 + 9*u**2 - u - 3. Let r(v) = -5*c(v) - 9*x(v). What is r(4)?
11
Let z(u) = 5*u + 2600 - 2*u**2 + 3*u**2 - 2611. Give z(-5).
-11
Let n(h) = h**3 + 13*h**2 + 2*h + 6. Let g be 2*((-13)/65)/(6/195). What is n(g)?
-20
Let z(p) = 3*p**2 + 19*p + 37. Let y be -5 - 7 - -16 - (-6)/(-1). Give z(y).
11
Let w(z) = -134*z**3 + 14*z**2 + 6*z + 8. Let t(x) = -78*x**3 + 9*x**2 + 3*x + 4. Let f(o) = 5*t(o) - 3*w(o). Give f(-1).
-10
Let w(n) = 2 - 29*n**2 + 15*n**2 + 3*n + 16*n**2 - 6. Let g be w(1). Let p(u) = -u - g + 4 - 1. Determine p(2).
0
Let b(o) = -3*o + 31. Let q be b(8). Let y be (q - -1)*(-21)/(-12). Let f(c) = 5 + 5*c - 5 - y*c. Calculate f(2).
-18
Let b(p) = 26854*p + 11 - 53713*p + 26858*p. Determine b(-7).
18
Let a be 190/10 + 3*1. Let k(u) = 8 + 7*u + a - 23 - u. Determine k(-5).
-23
Let m = 239 - 237. Let p(q) = -5*q + 93*q**2 - 47*q**m - 48*q**2 + 3. Calculate p(-4).
-9
Let a(b) = -b**2 + 6*b + 2. Let p(n) = 11*n**2 + 6*n + 4. Let f be p(-1). Let o be -6 + 119/9 - 2/f. Give a(o).
-5
Let c(d) be the first derivative of -d**5/30 - 5*d**4/24 - d**3 + 53*d - 129. Let v(j) be the third derivative of c(j). Give v(-4).
11
Suppose -5*p + 24*a = 29*a + 10, -5*p - 3 = -2*a. Let g(q) be the first derivative of 3*q**4/4 + 2*q**3/3 - q**2/2 - 2*q - 9. Give g(p).
-2
Let f be (23 - 7452/322)/(0 - (-1)/(-21)). Let c(s) = 22*s - 15. Give c(f).
51
Let k(u) be the third derivative of 37*u**6/120 + u**5/60 - u**3/6 - 585*u**2. Calculate k(-1).
-37
Let u be -4*480/135 - 2/(-9). Let v(i) = i**2 + 14*i - 5. Give v(u).
-5
Let p(d) be the third derivative of -d**5/60 + d**4/24 + d**3/6 + 57*d**2. Let l(o) = -o**3 + 3*o**2 - o - 3. Let i(t) = l(t) + 5*p(t). Determine i(-3).
-1
Let w = -3 + 1. Let h(z) be the second derivative of 57 - 3*z - 3/2*z**2 - 7/6*z**3. Determine h(w).
11
Suppose -r + 6*r = 680. Let l = r + -134. Let g(c) = -3*c + 2 - 7*c**2 + 6*c + 5*c + 6*c**l. Calculate g(8).
2
Suppose 0 = -z - 27 + 30. Let t(k) be the first derivative of -4 - 4*k**3 - z + k - 24 + 5. Calculate t(1).
-11
Let g(u) be the third derivative of u**8/20160 - u**7/1680 - u**6/72 + u**5 + 11*u**2. Let s(t) be the third derivative of g(t). What is s(7)?
18
Let c(w) be the first derivative of -17*w + 305 + 3/2*w**2. Give c(8).
7
Suppose 5*z - 173 - 2119 = 3*n, 3*z - 1380 = 3*n. Let u = z + -449. Let x(j) = -6*j + 11. Let q(l) = 11*l - 21. Let m(a) = -3*q(a) - 5*x(a). Determine m(u).
-13
Let o(j) be the first derivative of -2*j**2 + 9*j + 2. Let w be 490/55 + (-17)/(-187). Give o(w).
-27
Let q(m) = -14*m - 1. Let j = -461 + 749. Suppose a = -0*a + 5*y + 75, -4*y = 5*a - j. Suppose 0 = -a*d + 64*d + 4. Give q(d).
13
Let v be ((-28)/6)/((-4)/6). Suppose -4*x = -32 + 8. Let c(a) = -a**3 - 6*a + 3 + 4*a + x + 7*a**2 - 4. Determine c(v).
-9
Let t(b) = b**2 + 5*b - 6. Suppose -5*z - 430 = 125. Suppose -48*c - 2782 = 2210. Let l = z - c. Give t(l).
8
Suppose -2*g - 2 = -3*g. Suppose 0 = 4*h - 7*y + g*y + 39, -4*y = -2*h - 24. Let v(b) = 1. Let s(q) = -q**2 - 7*q. Let c(j) = s(j) - 4*v(j). Calculate c(h).
2
Let a be (-14)/63 + (-7)/9. Let s(v) be the first derivative of 0*v**2 - 33 - v**2 + 8*v**2 - 2*v**2. Calculate s(a).
-10
Let t(s) = 16*s**2 + 4*s - 17. Let x(p) = -7*p**2 - 2*p + 8. Let i(j) = 4*t(j) + 9*x(j). What is i(-6)?
52
Let r(a) = -a - 12. Let q = 66 - 21. Let o = -20 + q. Suppose -o*h + 30*h + 30 = 0. Calculate r(h).
-6
Let p be ((-72975)/14)/(-3)*2. Let j(l) = l - 3475 + p. Give j(-3).
-3
Suppose -h = -3*d - 6, 3*h = -4*d + 5*d + 2. Let w(s) = s**2 + s - 11. Determine w(h).
-11
Let c(u) = -u**3 - u**2 - 3. Let g be 10/(-15) + 0 - 10/(-15). Suppose -76*y + 63*y = g. Determine c(y).
-3
Let v = -4768 - -4771. Let a(c) be the first derivative of 2/3*c**3 + v*c + c**2 + 1/4*c**4 - 3. Determine a(-2).
-1
Let y(d) = -18*d**2 + 3*d**3 - 6*d**3 - 9 - 39*d + 2*d**3 + 6*d. What is y(-16)?
7
Let i(g) = 10*g + 2. Let l(k) = 3*k - 21. Suppose 0*n + 21 = 3*n. Let w be l(n). Suppose -m + 4*j - 10 = -0*j, w = -j + 2. Calculate i(m).
-18
Let c(l) be the second derivative of -l**5/20 - 5*l**4/6 - 5*l**3/3 - l**2 + 2*l. Let n be c(-9). Let y(k) = k**2 - 7*k - 6. What is y(n)?
-6
Let h be (-6)/12*1*30. Let m(u) be the second derivative of -u**4/12 - 7*u**3/3 + 9*u**2 + 7*u. Determine m(h).
3
Let g = 1072 - 1073. Let u(q) be the third derivative of -1/12*q**4 - 1/6*q**3 + 0 + 1/30*q**5 + 0*q - 4*q**2. What is u(g)?
3
Let w = 571 - 568. Suppose p - 2*q + 33 = 4*p, 18 = p + w*q. Let t(d) be the second derivative of d**4/12 - 2*d**3 + 4*d**2 - 2*d. Determine t(p).
-19
Let z(i) = -i**3 - 7*i**2 - 5*i + 3. Let k(x) = -x**3 + 17*x**2 + 36*x + 32. Let j(s) = -s**2 + 10*s + 19. Let p be j(10). Let g be k(p). What is z(g)?
-3
Let p(y) be the third derivative of 23*y**2 + 1 + 0*y**3 + 0*y - 1/8*y**4. Determine p(3).
-9
Let p(b) = -2*b - 5. Let a be p(-4). Let k be 2/((-40)/(-30)) - 1/2. Let w(u) = -38*u + k + a + 39*u. Determine w(-5).
-1
Let h(m) = m**2 + 4*m - 6. Suppose 2*n = -5*s + 710 + 75, 1600 = 4*n + 4*s. Let q = n - 401. Calculate h(q).
26
Let o be (27/(-2))/9*(-3 - -1). Let s(p) = 5134*p - 4*p**2 - 5133*p + o*p**2. What is s(0)?
0
Let r(g) = g - 7. Suppose 173*p - 178*p = -20. Suppose p*o + 5 - 17 = 0. Calculate r(o).
-4
Let x(n) = 167 - 53 + n**3 + 0*n**3 + 12*n + 13*n**2 - 58 - 50. Determine x(-12).
6
Let g(k) = -2*k**3 + 32*k**2 + 2*k - 12. Let h = 9820 - 9804. What is g(h)?
20
Let s(v) = 80 - 2572*v - 2562*v + 5151*v. Give s(-4).
12
Let v(o) be the third derivative of 1/12*o**4 - 6 + 1/10*o**5 + 4*o**2 - o**3 + 0*o + 1/120*o**6. What is v(-5)?
9
Let k be (850/(-51) - -16)*45/6. Let x(d) = -7*d - 13. Give x(k).
22
Let j(q) = -25*q - 15*q - 13 - 14*q - 20*q + 76*q. Give j(12).
11
Let u(a) = -a**3 + 6*a**2 + 12*a - 38. Let w(o) = -5*o**2 + 2*o + 142. Let c be w(-5). Calculate u(c).
-3
Let a(z) be the third derivative of 9*z**4/8 + 2*z**3/3 + 2790*z**2. Give a(1).
31
Let c(h) = 2*h**3 + 3*h**2 - 2*h - 1. Let s be c(2). Let k be (-920)/90 + 10 - (-320)/(-18). Let d = k + s. Let p(v) = -v**2 + 8*v - 6. Give p(d).
9
Let p(q) = 2*q**2 + 4*q + 2. Let y(d) = -2*d**2 + 2*d. Let m(f) = -16*f**2 - 5. Let a(v) = -m(v) + 5*y(v). Let z(u) = 2*a(u) - 5*p(u). What is z(-1)?
2
Let z(j) = -13*j**3 - 53*j**2 + 66*j + 12. Let h(c) = -2*c**3 - 9*c**2 + 11*c + 2. Let v(o) = -19*h(o) + 3*z(o). Calculate v(11).
-2
Suppose 0 = 8*a - 15*a + 21. Let p(u) = 69*u + 73*u - 141*u - 10 + u**a - 7*u**2. Let q = 14 - 7. Give p(q).
-3
Let i(k) = k - 305 + 4*k**2 - 7*k**2 + 9*k**2 + 305. Suppose -5*d = -3*d + 2. Determine i(d).
5
Let m(u) = -9 - 14 + 0 + 8*u**2 + 38 + u**3 + 11*u - 10. Calculate m(-6).
11
Let c(q) = 1145 + 11*q - 1134 + q**3 + q - 9*q - q**2. What is c(0)?
11
Let u = 270 + -268. Let o be ((-96)/14)/((-17)/119). Let s(i) = -2*i - 3*i + 51 - o + 2*i. Calculate s(u).
-3
Let c(z) = -72*z + 11. Let a(i) = -43*i 